{"id":14916,"date":"2020-07-08T06:57:27","date_gmt":"2020-07-08T06:57:27","guid":{"rendered":"http:\/\/www.tiszaparti.hu\/?page_id=14916"},"modified":"2025-04-01T10:18:25","modified_gmt":"2025-04-01T09:18:25","slug":"egeszsegunkre20192020","status":"publish","type":"page","link":"https:\/\/www.tiszaparti.hu\/index.php\/hirek\/egeszsegunkre\/egeszsegunkre20192020\/","title":{"rendered":"2019-2020"},"content":{"rendered":"<p>[vc_row][vc_column width=&#8221;2\/3&#8243; css=&#8221;.vc_custom_1453811993524{background-color: #f4ecde !important;}&#8221;][vc_separator style=&#8221;shadow&#8221;][vc_btn title=&#8221;Eg\u00e9szs\u00e9gnevel\u00e9si munkacsoport \u00e9v v\u00e9gi besz\u00e1mol\u00f3ja 2019-2020.&#8221; style=&#8221;3d&#8221; color=&#8221;orange&#8221; align=&#8221;center&#8221; css_animation=&#8221;none&#8221; link=&#8221;url:http%3A%2F%2Fwww.tiszaparti.hu%2Fwp-content%2Fuploads%2F2021%2F06%2FEgeszsegnevelesi-munkacsoport-ev-vegi-beszamoloja.docx2019-20.pdf||target:%20_blank|&#8221;][vc_separator style=&#8221;shadow&#8221;][vc_btn title=&#8221;R\u00e9szletes terv 2019-2020.&#8221; style=&#8221;3d&#8221; color=&#8221;orange&#8221; align=&#8221;center&#8221; css_animation=&#8221;none&#8221; link=&#8221;url:http%3A%2F%2Fwww.tiszaparti.hu%2Fwp-content%2Fuploads%2F2020%2F02%2FMester-program-reszletes-terv.docxhonlap.pdf||target:%20_blank|&#8221;][vc_separator style=&#8221;shadow&#8221;][vc_column_text]<strong>DIGIT\u00c1LIS EG\u00c9SZS\u00c9GH\u00c9T<\/strong>[\/vc_column_text][vc_column_text]<\/p>\n<p style=\"text-align: justify;\">A j\u00e1rv\u00e1ny\u00fcgyi helyzet miatt m\u00e1rcius 16-t\u00f3l digit\u00e1lis oktat\u00e1sra t\u00e9rt\u00fcnk \u00e1t.<br \/>\nAz eg\u00e9szs\u00e9gh\u00e9t tervezett programjait m\u00f3dos\u00edtottuk a digit\u00e1lis oktat\u00e1snak megfelel\u0151en. A munkacsoport \u00faj programot \u00e1ll\u00edtott \u00f6ssze.<br \/>\nA megval\u00f3s\u00edtott programok az al\u00e1bbi t\u00e1bl\u00e1zat\u00e1ban tal\u00e1lhat\u00f3k.<\/p>\n<p>[\/vc_column_text][vc_single_image image=&#8221;14919&#8243; img_size=&#8221;full&#8221; alignment=&#8221;center&#8221;][vc_separator style=&#8221;shadow&#8221;][vc_column_text]<strong>PROJEKTNAP<\/strong>[\/vc_column_text][vc_column_text]<\/p>\n<p style=\"text-align: justify;\"><em>Gy\u00fcm\u00f6lcs- z\u00f6lds\u00e9gnap<\/em><\/p>\n<p style=\"text-align: justify;\">Az idei tan\u00e9vben a tervezethez k\u00e9pest \u00faj elemmel b\u0151v\u00fclt az \u00e9ves terv. A munkacsoport havonta egy napot kijel\u00f6lt, amikor gy\u00fcm\u00f6lcs vagy z\u00f6lds\u00e9gnapot tartanak az oszt\u00e1lyok. A programr\u00f3l a sz\u00fcl\u0151k t\u00e1j\u00e9koztat\u00e1sa megt\u00f6rt\u00e9nt a sz\u00fcl\u0151i \u00e9rtekezleteken. T\u00e1mogatj\u00e1k a munkacsoport elk\u00e9pzel\u00e9s\u00e9t. Az els\u0151 projektnapot a jelenl\u00e9ti oktat\u00e1sban meg tudtuk tartani. A m\u00e1sodik alkalmat a digit\u00e1lis eg\u00e9szs\u00e9gh\u00e9ten tartottuk meg a sz\u00fcl\u0151k t\u00e1mogat\u00e1s\u00e1val.<\/p>\n<p style=\"text-align: justify;\">K\u00f6sz\u00f6nj\u00fck seg\u00edt\u0151 egy\u00fcttm\u0171k\u00f6d\u00e9s\u00fcket!<\/p>\n<p>[\/vc_column_text][vc_column_text]<a href=\"https:\/\/drive.google.com\/drive\/folders\/14c2CVrtkq-Hgt41bC0VoMQIw_TRFEmMf?usp=sharing\" target=\"_blank\" rel=\"noopener\">K\u00c9P GAL\u00c9RIA<\/a>[\/vc_column_text][vc_separator style=&#8221;shadow&#8221;][\/vc_column][vc_column width=&#8221;1\/3&#8243; css=&#8221;.vc_custom_1453811982612{background-color: #f4f4f4 !important;}&#8221;][vc_widget_sidebar sidebar_id=&#8221;default&#8221;][\/vc_column][\/vc_row]<\/p>\n","protected":false},"excerpt":{"rendered":"<p>[vc_row][vc_column width=&#8221;2\/3&#8243; css=&#8221;.vc_custom_1453811993524{background-color: #f4ecde !important;}&#8221;][vc_separator style=&#8221;shadow&#8221;][vc_btn title=&#8221;Eg\u00e9szs\u00e9gnevel\u00e9si munkacsoport \u00e9v v\u00e9gi besz\u00e1mol\u00f3ja 2019-2020.&#8221; style=&#8221;3d&#8221; color=&#8221;orange&#8221; align=&#8221;center&#8221; css_animation=&#8221;none&#8221; link=&#8221;url:http%3A%2F%2Fwww.tiszaparti.hu%2Fwp-content%2Fuploads%2F2021%2F06%2FEgeszsegnevelesi-munkacsoport-ev-vegi-beszamoloja.docx2019-20.pdf||target:%20_blank|&#8221;][vc_separator style=&#8221;shadow&#8221;][vc_btn title=&#8221;R\u00e9szletes terv 2019-2020.&#8221; style=&#8221;3d&#8221; color=&#8221;orange&#8221; align=&#8221;center&#8221; css_animation=&#8221;none&#8221; link=&#8221;url:http%3A%2F%2Fwww.tiszaparti.hu%2Fwp-content%2Fuploads%2F2020%2F02%2FMester-program-reszletes-terv.docxhonlap.pdf||target:%20_blank|&#8221;][vc_separator style=&#8221;shadow&#8221;][vc_column_text]DIGIT\u00c1LIS EG\u00c9SZS\u00c9GH\u00c9T[\/vc_column_text][vc_column_text] A j\u00e1rv\u00e1ny\u00fcgyi helyzet miatt m\u00e1rcius 16-t\u00f3l digit\u00e1lis oktat\u00e1sra t\u00e9rt\u00fcnk \u00e1t. Az eg\u00e9szs\u00e9gh\u00e9t tervezett programjait m\u00f3dos\u00edtottuk a digit\u00e1lis oktat\u00e1snak megfelel\u0151en. A munkacsoport \u00faj programot \u00e1ll\u00edtott \u00f6ssze. A megval\u00f3s\u00edtott [&hellip;]<\/p>\n","protected":false},"author":2,"featured_media":0,"parent":14499,"menu_order":0,"comment_status":"closed","ping_status":"closed","template":"","meta":{"footnotes":""},"class_list":["post-14916","page","type-page","status-publish","hentry"],"_links":{"self":[{"href":"https:\/\/www.tiszaparti.hu\/index.php\/wp-json\/wp\/v2\/pages\/14916","targetHints":{"allow":["GET"]}}],"collection":[{"href":"https:\/\/www.tiszaparti.hu\/index.php\/wp-json\/wp\/v2\/pages"}],"about":[{"href":"https:\/\/www.tiszaparti.hu\/index.php\/wp-json\/wp\/v2\/types\/page"}],"author":[{"embeddable":true,"href":"https:\/\/www.tiszaparti.hu\/index.php\/wp-json\/wp\/v2\/users\/2"}],"replies":[{"embeddable":true,"href":"https:\/\/www.tiszaparti.hu\/index.php\/wp-json\/wp\/v2\/comments?post=14916"}],"version-history":[{"count":1,"href":"https:\/\/www.tiszaparti.hu\/index.php\/wp-json\/wp\/v2\/pages\/14916\/revisions"}],"predecessor-version":[{"id":24533,"href":"https:\/\/www.tiszaparti.hu\/index.php\/wp-json\/wp\/v2\/pages\/14916\/revisions\/24533"}],"up":[{"embeddable":true,"href":"https:\/\/www.tiszaparti.hu\/index.php\/wp-json\/wp\/v2\/pages\/14499"}],"wp:attachment":[{"href":"https:\/\/www.tiszaparti.hu\/index.php\/wp-json\/wp\/v2\/media?parent=14916"}],"curies":[{"name":"wp","href":"https:\/\/api.w.org\/{rel}","templated":true}]}}

<p>[vc_row][vc_column width=&#8221;2/3&#8243; css=&#8221;.vc_custom_1453811993524{background-color: #f4ecde !important;}&#8221;][vc_separator style=&#8221;shadow&#8221;][vc_btn title=&#8221;Egészségnevelési munkacsoport év végi beszámolója 2019-2020.&#8221; style=&#8221;3d&#8221; color=&#8221;orange&#8221; align=&#8221;center&#8221; css_animation=&#8221;none&#8221; link=&#8221;url:http%3A%2F%2Fwww.tiszaparti.hu%2Fwp-content%2Fuploads%2F2021%2F06%2FEgeszsegnevelesi-munkacsoport-ev-vegi-beszamoloja.docx2019-20.pdf||target:%20_blank|&#8221;][vc_separator style=&#8221;shadow&#8221;][vc_btn title=&#8221;Részletes terv 2019-2020.&#8221; style=&#8221;3d&#8221; color=&#8221;orange&#8221; align=&#8221;center&#8221; css_animation=&#8221;none&#8221; link=&#8221;url:http%3A%2F%2Fwww.tiszaparti.hu%2Fwp-content%2Fuploads%2F2020%2F02%2FMester-program-reszletes-terv.docxhonlap.pdf||target:%20_blank|&#8221;][vc_separator style=&#8221;shadow&#8221;][vc_column_text]<strong>DIGITÁLIS EGÉSZSÉGHÉT</strong>[/vc_column_text][vc_column_text]</p>
<p style="text-align: justify;">A járványügyi helyzet miatt március 16-tól digitális oktatásra tértünk át.<br />
Az egészséghét tervezett programjait módosítottuk a digitális oktatásnak megfelelően. A munkacsoport új programot állított össze.<br />
A megvalósított programok az alábbi táblázatában találhatók.</p>
<p>[/vc_column_text][vc_single_image image=&#8221;14919&#8243; img_size=&#8221;full&#8221; alignment=&#8221;center&#8221;][vc_separator style=&#8221;shadow&#8221;][vc_column_text]<strong>PROJEKTNAP</strong>[/vc_column_text][vc_column_text]</p>
<p style="text-align: justify;"><em>Gyümölcs- zöldségnap</em></p>
<p style="text-align: justify;">Az idei tanévben a tervezethez képest új elemmel bővült az éves terv. A munkacsoport havonta egy napot kijelölt, amikor gyümölcs vagy zöldségnapot tartanak az osztályok. A programról a szülők tájékoztatása megtörtént a szülői értekezleteken. Támogatják a munkacsoport elképzelését. Az első projektnapot a jelenléti oktatásban meg tudtuk tartani. A második alkalmat a digitális egészséghéten tartottuk meg a szülők támogatásával.</p>
<p style="text-align: justify;">Köszönjük segítő együttműködésüket!</p>
<p>[/vc_column_text][vc_column_text]<a href="https://drive.google.com/drive/folders/14c2CVrtkq-Hgt41bC0VoMQIw_TRFEmMf?usp=sharing" target="_blank" rel="noopener">KÉP GALÉRIA</a>[/vc_column_text][vc_separator style=&#8221;shadow&#8221;][/vc_column][vc_column width=&#8221;1/3&#8243; css=&#8221;.vc_custom_1453811982612{background-color: #f4f4f4 !important;}&#8221;][vc_widget_sidebar sidebar_id=&#8221;default&#8221;][/vc_column][/vc_row]</p>

<p>[vc_row][vc_column width=&#8221;2/3&#8243; css=&#8221;.vc_custom_1453811993524{background-color: #f4ecde !important;}&#8221;][vc_separator style=&#8221;shadow&#8221;][vc_btn title=&#8221;Egészségnevelési munkacsoport év végi beszámolója 2019-2020.&#8221; style=&#8221;3d&#8221; color=&#8221;orange&#8221; align=&#8221;center&#8221; css_animation=&#8221;none&#8221; link=&#8221;url:http%3A%2F%2Fwww.tiszaparti.hu%2Fwp-content%2Fuploads%2F2021%2F06%2FEgeszsegnevelesi-munkacsoport-ev-vegi-beszamoloja.docx2019-20.pdf||target:%20_blank|&#8221;][vc_separator style=&#8221;shadow&#8221;][vc_btn title=&#8221;Részletes terv 2019-2020.&#8221; style=&#8221;3d&#8221; color=&#8221;orange&#8221; align=&#8221;center&#8221; css_animation=&#8221;none&#8221; link=&#8221;url:http%3A%2F%2Fwww.tiszaparti.hu%2Fwp-content%2Fuploads%2F2020%2F02%2FMester-program-reszletes-terv.docxhonlap.pdf||target:%20_blank|&#8221;][vc_separator style=&#8221;shadow&#8221;][vc_column_text]DIGITÁLIS EGÉSZSÉGHÉT[/vc_column_text][vc_column_text] A járványügyi helyzet miatt március 16-tól digitális oktatásra tértünk át. Az egészséghét tervezett programjait módosítottuk a digitális oktatásnak megfelelően. A munkacsoport új programot állított össze. A megvalósított [&hellip;]</p>
