{"id":1616,"date":"2015-12-01T10:28:31","date_gmt":"2015-12-01T10:28:31","guid":{"rendered":"http:\/\/new.tiszaparti.hu\/?page_id=1616"},"modified":"2023-09-28T09:28:54","modified_gmt":"2023-09-28T09:28:54","slug":"tortenetunk","status":"publish","type":"page","link":"https:\/\/www.tiszaparti.hu\/index.php\/tortenetunk\/","title":{"rendered":"T\u00f6rt\u00e9net\u00fcnk"},"content":{"rendered":"<p>[vc_row][vc_column width=&#8221;2\/3&#8243; css=&#8221;.vc_custom_1453791854462{background-color: #f4ecde !important;}&#8221;][vc_btn title=&#8221;120 \u00e9ves a Tisza-parti \u00c1ltal\u00e1nos Iskola&#8221; style=&#8221;3d&#8221; color=&#8221;peacoc&#8221; align=&#8221;center&#8221; link=&#8221;url:http%3A%2F%2Fwww.tiszaparti.hu%2Findex.php%2F2017%2F01%2F06%2F120-eves-a-tisza-parti-altalanos-iskola%2F|||&#8221;][vc_separator style=&#8221;shadow&#8221;][vc_btn title=&#8221;BAJNOKUNK&#8221; style=&#8221;3d&#8221; color=&#8221;success&#8221; size=&#8221;sm&#8221; css_animation=&#8221;none&#8221; link=&#8221;url:http%3A%2F%2Ftiszaparti.hu%2Findex.php%2Ftortenetunk%2Fbajnokunk%2F|||&#8221;][vc_btn title=&#8221;DI\u00c1KSZEMMEL \u2013 VISSZAEML\u00c9KEZ\u00c9SEK&#8221; style=&#8221;3d&#8221; color=&#8221;success&#8221; size=&#8221;sm&#8221; css_animation=&#8221;none&#8221; link=&#8221;url:http%3A%2F%2Ftiszaparti.hu%2Findex.php%2Ftortenetunk%2Fdiakszemmel-visszaemlekezesek%2F|||&#8221;][vc_btn title=&#8221;FEJEZETEK, \u00c9RDEKESS\u00c9GEK AZ ISKOLA M\u00daLTJ\u00c1B\u00d3L&#8221; style=&#8221;3d&#8221; color=&#8221;success&#8221; size=&#8221;sm&#8221; css_animation=&#8221;none&#8221; link=&#8221;url:http%3A%2F%2Ftiszaparti.hu%2Findex.php%2Ftortenetunk%2Ffejezetek-erdekessegek-az-iskola-multjabol%2F|||&#8221;][vc_separator style=&#8221;shadow&#8221;][\/vc_column][vc_column width=&#8221;1\/3&#8243; css=&#8221;.vc_custom_1455547053405{background-color: #f4f4f4 !important;}&#8221;][vc_widget_sidebar sidebar_id=&#8221;default&#8221;][\/vc_column][\/vc_row]<\/p>\n","protected":false},"excerpt":{"rendered":"<p>[vc_row][vc_column width=&#8221;2\/3&#8243; css=&#8221;.vc_custom_1453791854462{background-color: #f4ecde !important;}&#8221;][vc_btn title=&#8221;120 \u00e9ves a Tisza-parti \u00c1ltal\u00e1nos Iskola&#8221; style=&#8221;3d&#8221; color=&#8221;peacoc&#8221; align=&#8221;center&#8221; link=&#8221;url:http%3A%2F%2Fwww.tiszaparti.hu%2Findex.php%2F2017%2F01%2F06%2F120-eves-a-tisza-parti-altalanos-iskola%2F|||&#8221;][vc_separator style=&#8221;shadow&#8221;][vc_btn title=&#8221;BAJNOKUNK&#8221; style=&#8221;3d&#8221; color=&#8221;success&#8221; size=&#8221;sm&#8221; css_animation=&#8221;none&#8221; link=&#8221;url:http%3A%2F%2Ftiszaparti.hu%2Findex.php%2Ftortenetunk%2Fbajnokunk%2F|||&#8221;][vc_btn title=&#8221;DI\u00c1KSZEMMEL \u2013 VISSZAEML\u00c9KEZ\u00c9SEK&#8221; style=&#8221;3d&#8221; color=&#8221;success&#8221; size=&#8221;sm&#8221; css_animation=&#8221;none&#8221; link=&#8221;url:http%3A%2F%2Ftiszaparti.hu%2Findex.php%2Ftortenetunk%2Fdiakszemmel-visszaemlekezesek%2F|||&#8221;][vc_btn title=&#8221;FEJEZETEK, \u00c9RDEKESS\u00c9GEK AZ ISKOLA M\u00daLTJ\u00c1B\u00d3L&#8221; style=&#8221;3d&#8221; color=&#8221;success&#8221; size=&#8221;sm&#8221; css_animation=&#8221;none&#8221; link=&#8221;url:http%3A%2F%2Ftiszaparti.hu%2Findex.php%2Ftortenetunk%2Ffejezetek-erdekessegek-az-iskola-multjabol%2F|||&#8221;][vc_separator style=&#8221;shadow&#8221;][\/vc_column][vc_column width=&#8221;1\/3&#8243; css=&#8221;.vc_custom_1455547053405{background-color: #f4f4f4 !important;}&#8221;][vc_widget_sidebar sidebar_id=&#8221;default&#8221;][\/vc_column][\/vc_row]<\/p>\n","protected":false},"author":1,"featured_media":0,"parent":0,"menu_order":0,"comment_status":"closed","ping_status":"closed","template":"","meta":{"footnotes":""},"class_list":["post-1616","page","type-page","status-publish","hentry"],"_links":{"self":[{"href":"https:\/\/www.tiszaparti.hu\/index.php\/wp-json\/wp\/v2\/pages\/1616","targetHints":{"allow":["GET"]}}],"collection":[{"href":"https:\/\/www.tiszaparti.hu\/index.php\/wp-json\/wp\/v2\/pages"}],"about":[{"href":"https:\/\/www.tiszaparti.hu\/index.php\/wp-json\/wp\/v2\/types\/page"}],"author":[{"embeddable":true,"href":"https:\/\/www.tiszaparti.hu\/index.php\/wp-json\/wp\/v2\/users\/1"}],"replies":[{"embeddable":true,"href":"https:\/\/www.tiszaparti.hu\/index.php\/wp-json\/wp\/v2\/comments?post=1616"}],"version-history":[{"count":0,"href":"https:\/\/www.tiszaparti.hu\/index.php\/wp-json\/wp\/v2\/pages\/1616\/revisions"}],"wp:attachment":[{"href":"https:\/\/www.tiszaparti.hu\/index.php\/wp-json\/wp\/v2\/media?parent=1616"}],"curies":[{"name":"wp","href":"https:\/\/api.w.org\/{rel}","templated":true}]}}