{"id":1719,"date":"2015-12-01T12:33:08","date_gmt":"2015-12-01T12:33:08","guid":{"rendered":"http:\/\/new.tiszaparti.hu\/?page_id=1719"},"modified":"2022-10-07T09:16:16","modified_gmt":"2022-10-07T09:16:16","slug":"iskolapszichologus","status":"publish","type":"page","link":"https:\/\/www.tiszaparti.hu\/index.php\/iskolankrol\/dolgozoink\/iskolapszichologus\/","title":{"rendered":"Iskolapszichol\u00f3gus"},"content":{"rendered":"<p>[vc_row][vc_column width=&#8221;2\/3&#8243; css=&#8221;.vc_custom_1452589312091{background-color: #f4ecde !important;}&#8221;][vc_separator style=&#8221;shadow&#8221;][vc_btn title=&#8221;Online iskolapszichol\u00f3gus &#8211; kattintson ide a t\u00e1j\u00e9koztat\u00f3hoz&#8221; color=&#8221;success&#8221; align=&#8221;center&#8221; link=&#8221;url:http%3A%2F%2Fwww.tiszaparti.hu%2Findex.php%2F2020%2F03%2F16%2Fonlineiskolapszichologus%2F|||&#8221;][vc_column_text]<em>Tisztelt Sz\u00fcl\u0151k!<\/em><\/p>\n<p style=\"text-align: justify;\">T\u00e1j\u00e9koztatjuk, hogy a Tisza-parti \u00c1ltal\u00e1nos Iskol\u00e1ban iskolapszichol\u00f3gus seg\u00edti a di\u00e1kok \u00e9s pedag\u00f3gusok munk\u00e1j\u00e1t. Az iskolapszichol\u00f3gus az \u00e1ltala szervezett pszichol\u00f3giai foglalkoz\u00e1son egy\u00e9ni vagy csoportos sz\u0171r\u00e9st, konzult\u00e1ci\u00f3t, kr\u00edzistan\u00e1csad\u00e1st, ment\u00e1lhigi\u00e9n\u00e9s megel\u0151z\u0151 tev\u00e9kenys\u00e9get folytat. Ezek keret\u00e9ben lehet\u0151s\u00e9g ny\u00edlik a pedag\u00f3gusok, sz\u00fcl\u0151k \u00e9s\/vagy a di\u00e1kok \u00e1ltal kezdem\u00e9nyezett seg\u00edt\u0151 besz\u00e9lget\u00e9sre valamint tan\u00e1csad\u00e1si tev\u00e9kenys\u00e9gre, ehhez k\u00e9rj\u00fck beleegyez\u00e9s\u00e9t. Az iskolapszichol\u00f3gus ezen tev\u00e9kenys\u00e9ge nem helyettes\u00edti a ter\u00e1pi\u00e1s, pszichi\u00e1triai ell\u00e1t\u00e1st.<\/p>\n<p>Az iskolapszichol\u00f3gus el\u00e9rhet\u0151s\u00e9ge:\u00a0<strong>acsnebartaagi@gmail.com<\/strong><\/p>\n<p>Sz\u00fcl\u0151i beleegyez\u0151 nyilatkozat <a href=\"https:\/\/www.tiszaparti.hu\/wp-content\/uploads\/2022\/10\/INFORMALT-SZULOI-BELEEGYEZO-NYILATKOZAT-2022.pdf\" target=\"_blank\" rel=\"noopener noreferrer\">IDE<\/a> kattintva \u00e9rhet\u0151 el.[\/vc_column_text][vc_separator style=&#8221;shadow&#8221; border_width=&#8221;2&#8243;][vc_btn title=&#8221;Tanul\u00e1stechnika tr\u00e9ning&#8221; style=&#8221;3d&#8221; shape=&#8221;square&#8221; color=&#8221;warning&#8221; align=&#8221;center&#8221; link=&#8221;url:http%3A%2F%2Fwww.tiszaparti.hu%2Fwp-content%2Fuploads%2F2019%2F10%2FTanulasplakat_BA.pdf||target:%20_blank|&#8221;][vc_single_image image=&#8221;16381&#8243; img_size=&#8221;full&#8221; alignment=&#8221;center&#8221; onclick=&#8221;link_image&#8221;][vc_separator style=&#8221;shadow&#8221; border_width=&#8221;2&#8243;][\/vc_column][vc_column width=&#8221;1\/3&#8243; css=&#8221;.vc_custom_1452589328193{background-color: #f4f4f4 !important;}&#8221;][vc_widget_sidebar sidebar_id=&#8221;default&#8221;][\/vc_column][\/vc_row]<\/p>\n","protected":false},"excerpt":{"rendered":"<p>[vc_row][vc_column width=&#8221;2\/3&#8243; css=&#8221;.vc_custom_1452589312091{background-color: #f4ecde !important;}&#8221;][vc_separator style=&#8221;shadow&#8221;][vc_btn title=&#8221;Online iskolapszichol\u00f3gus &#8211; kattintson ide a t\u00e1j\u00e9koztat\u00f3hoz&#8221; color=&#8221;success&#8221; align=&#8221;center&#8221; link=&#8221;url:http%3A%2F%2Fwww.tiszaparti.hu%2Findex.php%2F2020%2F03%2F16%2Fonlineiskolapszichologus%2F|||&#8221;][vc_column_text]Tisztelt Sz\u00fcl\u0151k! T\u00e1j\u00e9koztatjuk, hogy a Tisza-parti \u00c1ltal\u00e1nos Iskol\u00e1ban iskolapszichol\u00f3gus seg\u00edti a di\u00e1kok \u00e9s pedag\u00f3gusok munk\u00e1j\u00e1t. Az iskolapszichol\u00f3gus az \u00e1ltala szervezett pszichol\u00f3giai foglalkoz\u00e1son egy\u00e9ni vagy csoportos sz\u0171r\u00e9st, konzult\u00e1ci\u00f3t, kr\u00edzistan\u00e1csad\u00e1st, ment\u00e1lhigi\u00e9n\u00e9s megel\u0151z\u0151 tev\u00e9kenys\u00e9get folytat. Ezek keret\u00e9ben lehet\u0151s\u00e9g ny\u00edlik a pedag\u00f3gusok, sz\u00fcl\u0151k \u00e9s\/vagy [&hellip;]<\/p>\n","protected":false},"author":1,"featured_media":0,"parent":1675,"menu_order":0,"comment_status":"closed","ping_status":"closed","template":"","meta":{"footnotes":""},"class_list":["post-1719","page","type-page","status-publish","hentry"],"_links":{"self":[{"href":"https:\/\/www.tiszaparti.hu\/index.php\/wp-json\/wp\/v2\/pages\/1719","targetHints":{"allow":["GET"]}}],"collection":[{"href":"https:\/\/www.tiszaparti.hu\/index.php\/wp-json\/wp\/v2\/pages"}],"about":[{"href":"https:\/\/www.tiszaparti.hu\/index.php\/wp-json\/wp\/v2\/types\/page"}],"author":[{"embeddable":true,"href":"https:\/\/www.tiszaparti.hu\/index.php\/wp-json\/wp\/v2\/users\/1"}],"replies":[{"embeddable":true,"href":"https:\/\/www.tiszaparti.hu\/index.php\/wp-json\/wp\/v2\/comments?post=1719"}],"version-history":[{"count":0,"href":"https:\/\/www.tiszaparti.hu\/index.php\/wp-json\/wp\/v2\/pages\/1719\/revisions"}],"up":[{"embeddable":true,"href":"https:\/\/www.tiszaparti.hu\/index.php\/wp-json\/wp\/v2\/pages\/1675"}],"wp:attachment":[{"href":"https:\/\/www.tiszaparti.hu\/index.php\/wp-json\/wp\/v2\/media?parent=1719"}],"curies":[{"name":"wp","href":"https:\/\/api.w.org\/{rel}","templated":true}]}}