{"id":1964,"date":"2015-12-14T14:19:23","date_gmt":"2015-12-14T14:19:23","guid":{"rendered":"http:\/\/new.tiszaparti.hu\/?page_id=1964"},"modified":"2026-01-27T15:17:43","modified_gmt":"2026-01-27T14:17:43","slug":"hit-es-erkolcstan","status":"publish","type":"page","link":"https:\/\/www.tiszaparti.hu\/index.php\/szuloi-informaciokszulok-figyelmebe\/hit-es-erkolcstan\/","title":{"rendered":"Hit- \u00e9s erk\u00f6lcstan"},"content":{"rendered":"<p>[vc_row][vc_column width=&#8221;2\/3&#8243; css=&#8221;.vc_custom_1454056255163{background-color: #f4ecde !important;}&#8221;][vc_separator style=&#8221;shadow&#8221;][vc_btn title=&#8221;Egyh\u00e1zi t\u00e1j\u00e9koztat\u00f3k&#8221; style=&#8221;3d&#8221; color=&#8221;success&#8221; align=&#8221;center&#8221; css_animation=&#8221;left-to-right&#8221; link=&#8221;url:https%3A%2F%2Fwww.tiszaparti.hu%2Findex.php%2F2021%2F02%2F12%2Fegyhazitajekoztatok%2F|||&#8221;][vc_btn title=&#8221;Egyh\u00e1zak el\u00e9rhet\u0151s\u00e9ge&#8221; style=&#8221;3d&#8221; color=&#8221;success&#8221; align=&#8221;center&#8221; css_animation=&#8221;left-to-right&#8221; link=&#8221;url:https%3A%2F%2Fwww.tiszaparti.hu%2Fwp-content%2Fuploads%2F2025%2F09%2FHittan-elerhetoseg-2025-26.pdf||target:%20_blank|&#8221;][vc_btn title=&#8221;Hit-\u00e9s erk\u00f6lcstan t\u00f6rv\u00e9nyi h\u00e1tt\u00e9r&#8221; style=&#8221;3d&#8221; color=&#8221;success&#8221; align=&#8221;center&#8221; css_animation=&#8221;left-to-right&#8221; link=&#8221;url:http%3A%2F%2Fwww.tiszaparti.hu%2Fwp-content%2Fuploads%2F2017%2F09%2FHittan-torveny-2017.pdf||target:%20_blank|&#8221;][vc_btn title=&#8221;Nyilatkozat hit- \u00e9s erk\u00f6lcstan oktat\u00e1s v\u00e1laszt\u00e1s\u00e1r\u00f3l&#8221; style=&#8221;3d&#8221; color=&#8221;success&#8221; align=&#8221;center&#8221; css_animation=&#8221;left-to-right&#8221; link=&#8221;url:https%3A%2F%2Fwww.tiszaparti.hu%2Fwp-content%2Fuploads%2F2026%2F01%2FNyilatkozat-hit-es-erkolcstan-2026.pdf||target:%20_blank|&#8221;][vc_btn title=&#8221;Bevett egyh\u00e1zak&#8221; style=&#8221;3d&#8221; color=&#8221;success&#8221; align=&#8221;center&#8221; css_animation=&#8221;left-to-right&#8221; link=&#8221;url:https%3A%2F%2Fwww.tiszaparti.hu%2Fwp-content%2Fuploads%2F2024%2F01%2Fbevett_egyhazak.pdf||target:%20_blank|&#8221;][vc_btn title=&#8221;ADATKEZEL\u00c9SI T\u00c1J\u00c9KOZTAT\u00d3 HIT- \u00c9S ERK\u00d6LCSTAN OKTAT\u00c1SSAL KAPCSOLATOS ADATKEZEL\u00c9S&#8221; style=&#8221;3d&#8221; color=&#8221;success&#8221; align=&#8221;center&#8221; css_animation=&#8221;left-to-right&#8221; link=&#8221;url:https%3A%2F%2Fwww.tiszaparti.hu%2Fwp-content%2Fuploads%2F2026%2F01%2Fadatkezelesi-hit-es-erkolcstan-2026-01.pdf||target:%20_blank|&#8221;][vc_separator style=&#8221;shadow&#8221;][\/vc_column][vc_column width=&#8221;1\/3&#8243; css=&#8221;.vc_custom_1454056272206{background-color: #f4f4f4 !important;}&#8221;][vc_widget_sidebar sidebar_id=&#8221;default&#8221;][\/vc_column][\/vc_row]<\/p>\n","protected":false},"excerpt":{"rendered":"<p>[vc_row][vc_column width=&#8221;2\/3&#8243; css=&#8221;.vc_custom_1454056255163{background-color: #f4ecde !important;}&#8221;][vc_separator style=&#8221;shadow&#8221;][vc_btn title=&#8221;Egyh\u00e1zi t\u00e1j\u00e9koztat\u00f3k&#8221; style=&#8221;3d&#8221; color=&#8221;success&#8221; align=&#8221;center&#8221; css_animation=&#8221;left-to-right&#8221; link=&#8221;url:https%3A%2F%2Fwww.tiszaparti.hu%2Findex.php%2F2021%2F02%2F12%2Fegyhazitajekoztatok%2F|||&#8221;][vc_btn title=&#8221;Egyh\u00e1zak el\u00e9rhet\u0151s\u00e9ge&#8221; style=&#8221;3d&#8221; color=&#8221;success&#8221; align=&#8221;center&#8221; css_animation=&#8221;left-to-right&#8221; link=&#8221;url:https%3A%2F%2Fwww.tiszaparti.hu%2Fwp-content%2Fuploads%2F2025%2F09%2FHittan-elerhetoseg-2025-26.pdf||target:%20_blank|&#8221;][vc_btn title=&#8221;Hit-\u00e9s erk\u00f6lcstan t\u00f6rv\u00e9nyi h\u00e1tt\u00e9r&#8221; style=&#8221;3d&#8221; color=&#8221;success&#8221; align=&#8221;center&#8221; css_animation=&#8221;left-to-right&#8221; link=&#8221;url:http%3A%2F%2Fwww.tiszaparti.hu%2Fwp-content%2Fuploads%2F2017%2F09%2FHittan-torveny-2017.pdf||target:%20_blank|&#8221;][vc_btn title=&#8221;Nyilatkozat hit- \u00e9s erk\u00f6lcstan oktat\u00e1s v\u00e1laszt\u00e1s\u00e1r\u00f3l&#8221; style=&#8221;3d&#8221; color=&#8221;success&#8221; align=&#8221;center&#8221; css_animation=&#8221;left-to-right&#8221; link=&#8221;url:https%3A%2F%2Fwww.tiszaparti.hu%2Fwp-content%2Fuploads%2F2026%2F01%2FNyilatkozat-hit-es-erkolcstan-2026.pdf||target:%20_blank|&#8221;][vc_btn title=&#8221;Bevett egyh\u00e1zak&#8221; style=&#8221;3d&#8221; color=&#8221;success&#8221; align=&#8221;center&#8221; css_animation=&#8221;left-to-right&#8221; link=&#8221;url:https%3A%2F%2Fwww.tiszaparti.hu%2Fwp-content%2Fuploads%2F2024%2F01%2Fbevett_egyhazak.pdf||target:%20_blank|&#8221;][vc_btn title=&#8221;ADATKEZEL\u00c9SI T\u00c1J\u00c9KOZTAT\u00d3 HIT- \u00c9S ERK\u00d6LCSTAN OKTAT\u00c1SSAL KAPCSOLATOS ADATKEZEL\u00c9S&#8221; [&hellip;]<\/p>\n","protected":false},"author":1,"featured_media":0,"parent":1576,"menu_order":0,"comment_status":"closed","ping_status":"closed","template":"","meta":{"footnotes":""},"class_list":["post-1964","page","type-page","status-publish","hentry"],"_links":{"self":[{"href":"https:\/\/www.tiszaparti.hu\/index.php\/wp-json\/wp\/v2\/pages\/1964","targetHints":{"allow":["GET"]}}],"collection":[{"href":"https:\/\/www.tiszaparti.hu\/index.php\/wp-json\/wp\/v2\/pages"}],"about":[{"href":"https:\/\/www.tiszaparti.hu\/index.php\/wp-json\/wp\/v2\/types\/page"}],"author":[{"embeddable":true,"href":"https:\/\/www.tiszaparti.hu\/index.php\/wp-json\/wp\/v2\/users\/1"}],"replies":[{"embeddable":true,"href":"https:\/\/www.tiszaparti.hu\/index.php\/wp-json\/wp\/v2\/comments?post=1964"}],"version-history":[{"count":6,"href":"https:\/\/www.tiszaparti.hu\/index.php\/wp-json\/wp\/v2\/pages\/1964\/revisions"}],"predecessor-version":[{"id":25728,"href":"https:\/\/www.tiszaparti.hu\/index.php\/wp-json\/wp\/v2\/pages\/1964\/revisions\/25728"}],"up":[{"embeddable":true,"href":"https:\/\/www.tiszaparti.hu\/index.php\/wp-json\/wp\/v2\/pages\/1576"}],"wp:attachment":[{"href":"https:\/\/www.tiszaparti.hu\/index.php\/wp-json\/wp\/v2\/media?parent=1964"}],"curies":[{"name":"wp","href":"https:\/\/api.w.org\/{rel}","templated":true}]}}