{"id":20950,"date":"2023-02-23T12:45:07","date_gmt":"2023-02-23T12:45:07","guid":{"rendered":"https:\/\/www.tiszaparti.hu\/?page_id=20950"},"modified":"2023-03-08T09:00:53","modified_gmt":"2023-03-08T09:00:53","slug":"tortenesek","status":"publish","type":"page","link":"https:\/\/www.tiszaparti.hu\/index.php\/iskolankrol\/tortenesek\/","title":{"rendered":"T\u00f6rt\u00e9n\u00e9sek(angol)"},"content":{"rendered":"<p>[vc_row][vc_column width=&#8221;2\/3&#8243; css=&#8221;.vc_custom_1453793393551{background-color: #f4ecde !important;}&#8221;][vc_separator style=&#8221;shadow&#8221;][vc_column_text]<span style=\"color: #000080;\"><a style=\"color: #000080;\" href=\"https:\/\/www.tiszaparti.hu\/index.php\/2023\/03\/08\/tiszapartissikervarosiangolverseny\/\"><strong>Tisza-partis siker v\u00e1rosi angol versenyen (2023. m\u00e1rcius 8.)<\/strong><\/a><\/span><\/p>\n<p><span style=\"color: #000080;\"><a style=\"color: #000080;\" href=\"https:\/\/www.tiszaparti.hu\/index.php\/2023\/02\/23\/varosiangolverseny\/\"><strong>V\u00e1rosi angol verseny (2023. febru\u00e1r 23.)<\/strong><\/a><\/span><\/p>\n<p><a href=\"https:\/\/www.tiszaparti.hu\/index.php\/2022\/11\/04\/halloween2022\/\"><span style=\"color: #000080;\"><strong>\u2019Happy Halloween\u2019 d\u00e9lut\u00e1n a Tisza-partiban (2022.\u00a0 november 4.)<\/strong><\/span><\/a>[\/vc_column_text][vc_separator style=&#8221;shadow&#8221;][\/vc_column][vc_column width=&#8221;1\/3&#8243; css=&#8221;.vc_custom_1453793410162{background-color: #f4f4f4 !important;}&#8221;][vc_widget_sidebar sidebar_id=&#8221;default&#8221;][\/vc_column][\/vc_row]<\/p>\n","protected":false},"excerpt":{"rendered":"<p>[vc_row][vc_column width=&#8221;2\/3&#8243; css=&#8221;.vc_custom_1453793393551{background-color: #f4ecde !important;}&#8221;][vc_separator style=&#8221;shadow&#8221;][vc_column_text]Tisza-partis siker v\u00e1rosi angol versenyen (2023. m\u00e1rcius 8.) V\u00e1rosi angol verseny (2023. febru\u00e1r 23.) \u2019Happy Halloween\u2019 d\u00e9lut\u00e1n a Tisza-partiban (2022.\u00a0 november 4.)[\/vc_column_text][vc_separator style=&#8221;shadow&#8221;][\/vc_column][vc_column width=&#8221;1\/3&#8243; css=&#8221;.vc_custom_1453793410162{background-color: #f4f4f4 !important;}&#8221;][vc_widget_sidebar sidebar_id=&#8221;default&#8221;][\/vc_column][\/vc_row]<\/p>\n","protected":false},"author":1,"featured_media":0,"parent":1570,"menu_order":0,"comment_status":"closed","ping_status":"closed","template":"","meta":{"footnotes":""},"class_list":["post-20950","page","type-page","status-publish","hentry"],"_links":{"self":[{"href":"https:\/\/www.tiszaparti.hu\/index.php\/wp-json\/wp\/v2\/pages\/20950","targetHints":{"allow":["GET"]}}],"collection":[{"href":"https:\/\/www.tiszaparti.hu\/index.php\/wp-json\/wp\/v2\/pages"}],"about":[{"href":"https:\/\/www.tiszaparti.hu\/index.php\/wp-json\/wp\/v2\/types\/page"}],"author":[{"embeddable":true,"href":"https:\/\/www.tiszaparti.hu\/index.php\/wp-json\/wp\/v2\/users\/1"}],"replies":[{"embeddable":true,"href":"https:\/\/www.tiszaparti.hu\/index.php\/wp-json\/wp\/v2\/comments?post=20950"}],"version-history":[{"count":0,"href":"https:\/\/www.tiszaparti.hu\/index.php\/wp-json\/wp\/v2\/pages\/20950\/revisions"}],"up":[{"embeddable":true,"href":"https:\/\/www.tiszaparti.hu\/index.php\/wp-json\/wp\/v2\/pages\/1570"}],"wp:attachment":[{"href":"https:\/\/www.tiszaparti.hu\/index.php\/wp-json\/wp\/v2\/media?parent=20950"}],"curies":[{"name":"wp","href":"https:\/\/api.w.org\/{rel}","templated":true}]}}