{"id":3367,"date":"2016-04-15T09:43:21","date_gmt":"2016-04-15T09:43:21","guid":{"rendered":"http:\/\/www.tiszaparti.hu\/?page_id=3367"},"modified":"2016-04-15T09:43:21","modified_gmt":"2016-04-15T09:43:21","slug":"iskolai-szavaloverseny-2016-marcius","status":"publish","type":"page","link":"https:\/\/www.tiszaparti.hu\/index.php\/iskolai-szavaloverseny-2016-marcius\/","title":{"rendered":"Iskolai szaval\u00f3verseny, 2016. m\u00e1rcius"},"content":{"rendered":"<p>[vc_row][vc_column width=&#8221;2\/3&#8243; css=&#8221;.vc_custom_1460713183778{background-color: #f4ecde !important;}&#8221;][vc_separator style=&#8221;shadow&#8221;][vc_column_text]<\/p>\n<p style=\"text-align: justify;\">M\u00e1rcius 22-\u00e9n d\u00e9lut\u00e1n 34 tanul\u00f3 r\u00e9szv\u00e9tel\u00e9vel rendezt\u00fck meg a k\u00f6zeled\u0151 k\u00f6lt\u00e9szet napj\u00e1hoz k\u00f6t\u0151d\u0151, iskolai versmond\u00f3 verseny\u00fcnket. Lelkes, a k\u00f6lt\u00e9szet ir\u00e1nt \u00e9rdekl\u0151d\u00e9st mutat\u00f3, esetenk\u00e9nt el\u0151ad\u00f3m\u0171v\u00e9szi amb\u00edci\u00f3kkal rendelkez\u0151 di\u00e1kjaink a magyar k\u00f6lt\u00e9szet sz\u00e9les reperto\u00e1rj\u00e1b\u00f3l mutatt\u00e1k be kedvenc verseiket. A zs\u0171ri hosszas tan\u00e1cskoz\u00e1s ut\u00e1n az al\u00e1bbi eredm\u00e9nyeket hirdette ki:<\/p>\n<p><strong>5-6. \u00e9vfolyamos kateg\u00f3ri\u00e1ban<\/strong><\/p>\n<ol>\n<li>Borovics Anna \u00c9da 5.a<\/li>\n<li>Mik\u00f3 Vir\u00e1g 5.b, Baksa Panna 5.a<\/li>\n<li>Miczi Borb\u00e1la 5.b T\u00f6mb\u00f6ly \u00c1bel 5.b<\/li>\n<\/ol>\n<p>K\u00fcl\u00f6nd\u00edj: Sz\u00e1nt\u00f3 J\u00f3zsef 6.b<\/p>\n<p>&nbsp;<\/p>\n<p><strong>7-8. \u00e9vfolyamos kateg\u00f3ri\u00e1ban<\/strong><\/p>\n<ol>\n<li>Domokos Eszter 8.b<\/li>\n<li>Csap\u00f3 Zita 7.b, Kis Kincs\u0151 7.a<\/li>\n<li>Lud\u00e1nyi Fanni 7.b, Pint\u00e9r Petra Gvendolin 7.b<\/li>\n<\/ol>\n<p>K\u00fcl\u00f6nd\u00edj: Kozma Kata 8.b<\/p>\n<p>&nbsp;<\/p>\n<p>Iskol\u00e1nkat a v\u00e1rosi versmond\u00f3 versenyen <strong>Borovics Anna \u00c9da (5.a)<\/strong> \u00e9s <strong>Domokos Eszter (8.b)<\/strong> k\u00e9pviseli.[\/vc_column_text][vc_gallery type=&#8221;slick_slider&#8221; images=&#8221;3357,3359,3358,3356,3355,3354,3353,3352&#8243;][vc_separator style=&#8221;shadow&#8221;][\/vc_column][vc_column width=&#8221;1\/3&#8243; css=&#8221;.vc_custom_1460713193403{background-color: #f4f4f4 !important;}&#8221;][vc_widget_sidebar sidebar_id=&#8221;default&#8221;][\/vc_column][\/vc_row]<\/p>\n","protected":false},"excerpt":{"rendered":"<p>[vc_row][vc_column width=&#8221;2\/3&#8243; css=&#8221;.vc_custom_1460713183778{background-color: #f4ecde !important;}&#8221;][vc_separator style=&#8221;shadow&#8221;][vc_column_text] M\u00e1rcius 22-\u00e9n d\u00e9lut\u00e1n 34 tanul\u00f3 r\u00e9szv\u00e9tel\u00e9vel rendezt\u00fck meg a k\u00f6zeled\u0151 k\u00f6lt\u00e9szet napj\u00e1hoz k\u00f6t\u0151d\u0151, iskolai versmond\u00f3 verseny\u00fcnket. Lelkes, a k\u00f6lt\u00e9szet ir\u00e1nt \u00e9rdekl\u0151d\u00e9st mutat\u00f3, esetenk\u00e9nt el\u0151ad\u00f3m\u0171v\u00e9szi amb\u00edci\u00f3kkal rendelkez\u0151 di\u00e1kjaink a magyar k\u00f6lt\u00e9szet sz\u00e9les reperto\u00e1rj\u00e1b\u00f3l mutatt\u00e1k be kedvenc verseiket. A zs\u0171ri hosszas tan\u00e1cskoz\u00e1s ut\u00e1n az al\u00e1bbi eredm\u00e9nyeket hirdette ki: 5-6. \u00e9vfolyamos kateg\u00f3ri\u00e1ban [&hellip;]<\/p>\n","protected":false},"author":1,"featured_media":0,"parent":0,"menu_order":0,"comment_status":"closed","ping_status":"closed","template":"","meta":{"footnotes":""},"class_list":["post-3367","page","type-page","status-publish","hentry"],"_links":{"self":[{"href":"https:\/\/www.tiszaparti.hu\/index.php\/wp-json\/wp\/v2\/pages\/3367","targetHints":{"allow":["GET"]}}],"collection":[{"href":"https:\/\/www.tiszaparti.hu\/index.php\/wp-json\/wp\/v2\/pages"}],"about":[{"href":"https:\/\/www.tiszaparti.hu\/index.php\/wp-json\/wp\/v2\/types\/page"}],"author":[{"embeddable":true,"href":"https:\/\/www.tiszaparti.hu\/index.php\/wp-json\/wp\/v2\/users\/1"}],"replies":[{"embeddable":true,"href":"https:\/\/www.tiszaparti.hu\/index.php\/wp-json\/wp\/v2\/comments?post=3367"}],"version-history":[{"count":0,"href":"https:\/\/www.tiszaparti.hu\/index.php\/wp-json\/wp\/v2\/pages\/3367\/revisions"}],"wp:attachment":[{"href":"https:\/\/www.tiszaparti.hu\/index.php\/wp-json\/wp\/v2\/media?parent=3367"}],"curies":[{"name":"wp","href":"https:\/\/api.w.org\/{rel}","templated":true}]}}

Iskolai szavalóverseny, 2016. március

<p>[vc_row][vc_column width=&#8221;2/3&#8243; css=&#8221;.vc_custom_1460713183778{background-color: #f4ecde !important;}&#8221;][vc_separator style=&#8221;shadow&#8221;][vc_column_text]</p>
<p style="text-align: justify;">Március 22-én délután 34 tanuló részvételével rendeztük meg a közeledő költészet napjához kötődő, iskolai versmondó versenyünket. Lelkes, a költészet iránt érdeklődést mutató, esetenként előadóművészi ambíciókkal rendelkező diákjaink a magyar költészet széles repertoárjából mutatták be kedvenc verseiket. A zsűri hosszas tanácskozás után az alábbi eredményeket hirdette ki:</p>
<p><strong>5-6. évfolyamos kategóriában</strong></p>
<ol>
<li>Borovics Anna Éda 5.a</li>
<li>Mikó Virág 5.b, Baksa Panna 5.a</li>
<li>Miczi Borbála 5.b Tömböly Ábel 5.b</li>
</ol>
<p>Különdíj: Szántó József 6.b</p>
<p>&nbsp;</p>
<p><strong>7-8. évfolyamos kategóriában</strong></p>
<ol>
<li>Domokos Eszter 8.b</li>
<li>Csapó Zita 7.b, Kis Kincső 7.a</li>
<li>Ludányi Fanni 7.b, Pintér Petra Gvendolin 7.b</li>
</ol>
<p>Különdíj: Kozma Kata 8.b</p>
<p>&nbsp;</p>
<p>Iskolánkat a városi versmondó versenyen <strong>Borovics Anna Éda (5.a)</strong> és <strong>Domokos Eszter (8.b)</strong> képviseli.[/vc_column_text][vc_gallery type=&#8221;slick_slider&#8221; images=&#8221;3357,3359,3358,3356,3355,3354,3353,3352&#8243;][vc_separator style=&#8221;shadow&#8221;][/vc_column][vc_column width=&#8221;1/3&#8243; css=&#8221;.vc_custom_1460713193403{background-color: #f4f4f4 !important;}&#8221;][vc_widget_sidebar sidebar_id=&#8221;default&#8221;][/vc_column][/vc_row]</p>

<p>[vc_row][vc_column width=&#8221;2/3&#8243; css=&#8221;.vc_custom_1460713183778{background-color: #f4ecde !important;}&#8221;][vc_separator style=&#8221;shadow&#8221;][vc_column_text] Március 22-én délután 34 tanuló részvételével rendeztük meg a közeledő költészet napjához kötődő, iskolai versmondó versenyünket. Lelkes, a költészet iránt érdeklődést mutató, esetenként előadóművészi ambíciókkal rendelkező diákjaink a magyar költészet széles repertoárjából mutatták be kedvenc verseiket. A zsűri hosszas tanácskozás után az alábbi eredményeket hirdette ki: 5-6. évfolyamos kategóriában [&hellip;]</p>
