{"id":6478,"date":"2017-05-09T12:38:51","date_gmt":"2017-05-09T12:38:51","guid":{"rendered":"http:\/\/www.tiszaparti.hu\/?page_id=6478"},"modified":"2017-05-12T13:24:04","modified_gmt":"2017-05-12T13:24:04","slug":"2016-2017-sporteredmenyek","status":"publish","type":"page","link":"https:\/\/www.tiszaparti.hu\/index.php\/diakelet\/sport\/eredmenyek-sport\/2016-2017-sporteredmenyek\/","title":{"rendered":"2016-2017 sporteredm\u00e9nyek"},"content":{"rendered":"<p>[vc_row][vc_column width=&#8221;2\/3&#8243; css=&#8221;.vc_custom_1494335045686{background-color: #f4ecde !important;}&#8221;][vc_separator style=&#8221;shadow&#8221;][vc_column_text]<\/p>\n<h2 style=\"text-align: left;\">Tisza-parti iskola tanul\u00f3i a Kos\u00e1rpal\u00e1nta Programban<\/h2>\n<p>&nbsp;<\/p>\n<p style=\"text-align: justify;\">MI\u00c9RT IS VAGYUNK B\u00c1ZISISKOLA?<br \/>\nMert a KOS\u00c1RPAL\u00c1NTA PROGRAM c\u00e9lja, hogy \u00e1tfog\u00f3, egys\u00e9ges sportszakmai koncepci\u00f3t k\u00edn\u00e1ljon a 6-9 \u00e9ves koroszt\u00e1ly sz\u00e1m\u00e1ra. A program alapja a sz\u00e9lesk\u00f6r\u0171 k\u00e9pess\u00e9gfejleszt\u00e9s, mellyel megalapozhatjuk ak\u00e1r a k\u00e9s\u0151bbi versenyszer\u0171 sportol\u00e1st, de hasznos h\u00e1tteret adhat a mindennapi \u00e9lethez is. C\u00e9lunk, hogy megteremts\u00fck a lehet\u0151s\u00e9get arra, hogy a k\u00e9s\u0151bbiekben a programban r\u00e9sztvev\u0151 gyerekek k\u00e9pesek legyenek a fizikai k\u00e9pess\u00e9geik maxim\u00e1lis kiakn\u00e1z\u00e1s\u00e1ra, \u00e9s ezt ne korl\u00e1tozza semmilyen, a m\u00faltb\u00f3l ered\u0151 hi\u00e1nyoss\u00e1g. Ennek \u00e9rdek\u00e9ben a program \u00f6tv\u00f6zi az atl\u00e9tika, a gimnasztika \u00e9s a k\u00fczd\u0151sportok hasznos alap mozg\u00e1sanyag\u00e1t a kos\u00e1rlabda megalapoz\u00f3 gyakorlatanyag\u00e1val.<\/p>\n<p style=\"text-align: center;\">Az Orsz\u00e1gos Jamboree megm\u00e9rettet\u00e9sre m\u00e1jus 19-\u00e9n ker\u00fcl sor Kiskunf\u00e9legyh\u00e1z\u00e1n.<br \/>\nA programban iskol\u00e1nk 3. a oszt\u00e1lyos tanul\u00f3i vesznek r\u00e9szt.<br \/>\n<strong>Versenyre fel! Hajr\u00e1 Tisza-parti!<\/strong><\/p>\n<p style=\"text-align: center;\"><img loading=\"lazy\" decoding=\"async\" class=\"aligncenter wp-image-6465 size-full\" src=\"https:\/\/www.tiszaparti.hu\/wp-content\/uploads\/2017\/05\/kosarpalanta.jpg\" alt=\"\" width=\"960\" height=\"576\" srcset=\"https:\/\/www.tiszaparti.hu\/wp-content\/uploads\/2017\/05\/kosarpalanta.jpg 960w, https:\/\/www.tiszaparti.hu\/wp-content\/uploads\/2017\/05\/kosarpalanta-300x180.jpg 300w, https:\/\/www.tiszaparti.hu\/wp-content\/uploads\/2017\/05\/kosarpalanta-768x461.jpg 768w\" sizes=\"auto, (max-width: 960px) 100vw, 960px\" \/><\/p>\n<p>[\/vc_column_text][vc_separator style=&#8221;shadow&#8221;][vc_column_text]<\/p>\n<h2>ATL\u00c9TIKA T\u00d6BBPR\u00d3BA DI\u00c1KOLIMPIA<\/h2>\n<p>&nbsp;<\/p>\n<p style=\"text-align: justify;\">2017. \u00e1prilis 24-\u00e9n rendezt\u00e9k meg az atl\u00e9tika t\u00f6bbpr\u00f3ba v\u00e1rosi di\u00e1kolimpi\u00e1t a IV. korcsoportosok sz\u00e1m\u00e1ra, ahol l\u00e1nyaink a III. helyet szerezt\u00e9k meg.<\/p>\n<p style=\"text-align: justify;\">Gratul\u00e1lunk a bronz\u00e9remhez!<\/p>\n<p style=\"text-align: justify;\">A csapat tagjai:<\/p>\n<p style=\"text-align: justify;\"><em>\u00c1rgyel\u00e1n D\u00f3ra<\/em><br \/>\n<em>Gy\u0151ri Borb\u00e1la<\/em><br \/>\n<em>Kertai J\u00falia<\/em><br \/>\n<em>Kis Kincs\u0151<\/em><br \/>\n<em>R\u00e1cz Tamara<\/em><\/p>\n<p style=\"text-align: center;\"><img loading=\"lazy\" decoding=\"async\" class=\"aligncenter wp-image-6469 size-full\" src=\"https:\/\/www.tiszaparti.hu\/wp-content\/uploads\/2017\/05\/atletika-tobbproba.jpg\" alt=\"\" width=\"576\" height=\"960\" srcset=\"https:\/\/www.tiszaparti.hu\/wp-content\/uploads\/2017\/05\/atletika-tobbproba.jpg 576w, https:\/\/www.tiszaparti.hu\/wp-content\/uploads\/2017\/05\/atletika-tobbproba-180x300.jpg 180w\" sizes=\"auto, (max-width: 576px) 100vw, 576px\" \/><\/p>\n<p>[\/vc_column_text][vc_separator style=&#8221;shadow&#8221;][vc_column_text]<\/p>\n<h2>TISZA-PARTIS KOSARAS FI\u00daK A MEGYEI V\u00c1LOGATOTTBAN!<\/h2>\n<p>&nbsp;<\/p>\n<p style=\"text-align: justify;\">Az MKOSZ ebben az \u00e9vben is megrendezte az U11 \u2013es koroszt\u00e1ly megyei v\u00e1logatottj\u00e1nak torn\u00e1j\u00e1t. A Tisza-parti \u00c1ltal\u00e1nos Iskol\u00e1b\u00f3l h\u00e1rom kos\u00e1rlabd\u00e1z\u00f3nk ker\u00fclt be a megy\u00e9k legjobbjai k\u00f6z\u00e9!<\/p>\n<p style=\"text-align: justify;\"><strong>Bartos Bence<\/strong> (5.a), <strong>Dragon Botond<\/strong> (4.b) \u00e9s <strong>M\u00e9sz\u00e1ros Tam\u00e1s<\/strong> (4.a), mindh\u00e1rman a SZEDE\u00c1K Aranysak\u00e1lok U11-es csapat\u00e1nak meghat\u00e1roz\u00f3 j\u00e1t\u00e9kosai. Hatalmas gratul\u00e1ci\u00f3 illeti a gyerekeket a kitart\u00f3, eg\u00e9sz \u00e9ves munk\u00e1juk\u00e9rt \u00e9s a kimagasl\u00f3 teljes\u00edtm\u00e9ny\u00fck\u00e9rt. Edz\u0151j\u00fck, Szil\u00e1gyi N\u00f3ra tan\u00e1rn\u0151 m\u00e9lt\u00e1n b\u00fcszke fiaira.<\/p>\n<p style=\"text-align: justify;\"><strong>Tov\u00e1bbi sok sikert \u00e9s eredm\u00e9nyes versenyz\u00e9st k\u00edv\u00e1nunk!<\/strong><\/p>\n<p style=\"text-align: center;\"><strong>BARTOS BENCE<\/strong><\/p>\n<p style=\"text-align: center;\"><img loading=\"lazy\" decoding=\"async\" class=\"aligncenter wp-image-6468 size-full\" src=\"https:\/\/www.tiszaparti.hu\/wp-content\/uploads\/2017\/05\/u11-valogatott-BB.jpg\" alt=\"\" width=\"576\" height=\"960\" srcset=\"https:\/\/www.tiszaparti.hu\/wp-content\/uploads\/2017\/05\/u11-valogatott-BB.jpg 576w, https:\/\/www.tiszaparti.hu\/wp-content\/uploads\/2017\/05\/u11-valogatott-BB-180x300.jpg 180w\" sizes=\"auto, (max-width: 576px) 100vw, 576px\" \/><\/p>\n<p style=\"text-align: center;\"><strong>DRAGON BOTOND<\/strong><\/p>\n<p style=\"text-align: center;\"><img loading=\"lazy\" decoding=\"async\" class=\"aligncenter wp-image-6467 size-full\" src=\"https:\/\/www.tiszaparti.hu\/wp-content\/uploads\/2017\/05\/u11-valogatott-DB.jpg\" alt=\"\" width=\"576\" height=\"960\" srcset=\"https:\/\/www.tiszaparti.hu\/wp-content\/uploads\/2017\/05\/u11-valogatott-DB.jpg 576w, https:\/\/www.tiszaparti.hu\/wp-content\/uploads\/2017\/05\/u11-valogatott-DB-180x300.jpg 180w\" sizes=\"auto, (max-width: 576px) 100vw, 576px\" \/><\/p>\n<p style=\"text-align: center;\"><strong>M\u00c9SZ\u00c1ROS TAM\u00c1S<\/strong><\/p>\n<p style=\"text-align: center;\"><img loading=\"lazy\" decoding=\"async\" class=\"aligncenter wp-image-6466 size-full\" src=\"https:\/\/www.tiszaparti.hu\/wp-content\/uploads\/2017\/05\/u11-valogatott-MT.jpg\" alt=\"\" width=\"576\" height=\"960\" srcset=\"https:\/\/www.tiszaparti.hu\/wp-content\/uploads\/2017\/05\/u11-valogatott-MT.jpg 576w, https:\/\/www.tiszaparti.hu\/wp-content\/uploads\/2017\/05\/u11-valogatott-MT-180x300.jpg 180w\" sizes=\"auto, (max-width: 576px) 100vw, 576px\" \/><\/p>\n<p>[\/vc_column_text][vc_separator style=&#8221;shadow&#8221;][vc_column_text]<\/p>\n<h2>K\u00dcLF\u00d6LDI SPORTSIKEREINK<\/h2>\n<p>&nbsp;<\/p>\n<p style=\"text-align: justify;\">Szeptember eleje \u00f3ta k\u00fclf\u00f6ld\u00f6n tart\u00f3zkod\u00f3 v\u00e9gz\u0151s di\u00e1kunk, <strong>Maronka Zsombor<\/strong> a nagy m\u00falt\u00fa Kos\u00e1rlabda Klubhoz, a Joventut Badalon\u00e1hoz szerz\u0151d\u00f6tt. Kimagasl\u00f3 kos\u00e1rlabda tud\u00e1sa tette lehet\u0151v\u00e9, hogy sportkarrierj\u00e9t Spanyolorsz\u00e1gban folytassa, tanulm\u00e1nyait viszont m\u00e9g a Tisza-parti \u00c1ltal\u00e1nos Iskol\u00e1ban fejezi be mag\u00e1ntanul\u00f3k\u00e9nt.<\/p>\n<p><strong>Nagyon b\u00fcszk\u00e9k vagyunk r\u00e1, \u00e9s tov\u00e1bbi sportsikereket k\u00edv\u00e1nunk neki!<\/strong><\/p>\n<p>&nbsp;<\/p>\n<p style=\"text-align: center;\"><img loading=\"lazy\" decoding=\"async\" class=\"aligncenter wp-image-6464 size-full\" src=\"https:\/\/www.tiszaparti.hu\/wp-content\/uploads\/2017\/05\/maronkazsombor.jpg\" alt=\"\" width=\"536\" height=\"747\" srcset=\"https:\/\/www.tiszaparti.hu\/wp-content\/uploads\/2017\/05\/maronkazsombor.jpg 536w, https:\/\/www.tiszaparti.hu\/wp-content\/uploads\/2017\/05\/maronkazsombor-215x300.jpg 215w\" sizes=\"auto, (max-width: 536px) 100vw, 536px\" \/><\/p>\n<p>[\/vc_column_text][vc_separator style=&#8221;shadow&#8221;][\/vc_column][vc_column width=&#8221;1\/3&#8243; css=&#8221;.vc_custom_1494335032175{background-color: #f4f4f4 !important;}&#8221;][vc_widget_sidebar sidebar_id=&#8221;default&#8221;][\/vc_column][\/vc_row]<\/p>\n","protected":false},"excerpt":{"rendered":"<p>[vc_row][vc_column width=&#8221;2\/3&#8243; css=&#8221;.vc_custom_1494335045686{background-color: #f4ecde !important;}&#8221;][vc_separator style=&#8221;shadow&#8221;][vc_column_text] Tisza-parti iskola tanul\u00f3i a Kos\u00e1rpal\u00e1nta Programban &nbsp; MI\u00c9RT IS VAGYUNK B\u00c1ZISISKOLA? Mert a KOS\u00c1RPAL\u00c1NTA PROGRAM c\u00e9lja, hogy \u00e1tfog\u00f3, egys\u00e9ges sportszakmai koncepci\u00f3t k\u00edn\u00e1ljon a 6-9 \u00e9ves koroszt\u00e1ly sz\u00e1m\u00e1ra. A program alapja a sz\u00e9lesk\u00f6r\u0171 k\u00e9pess\u00e9gfejleszt\u00e9s, mellyel megalapozhatjuk ak\u00e1r a k\u00e9s\u0151bbi versenyszer\u0171 sportol\u00e1st, de hasznos h\u00e1tteret adhat a mindennapi \u00e9lethez is. C\u00e9lunk, [&hellip;]<\/p>\n","protected":false},"author":2,"featured_media":0,"parent":1910,"menu_order":0,"comment_status":"closed","ping_status":"closed","template":"","meta":{"footnotes":""},"class_list":["post-6478","page","type-page","status-publish","hentry"],"_links":{"self":[{"href":"https:\/\/www.tiszaparti.hu\/index.php\/wp-json\/wp\/v2\/pages\/6478","targetHints":{"allow":["GET"]}}],"collection":[{"href":"https:\/\/www.tiszaparti.hu\/index.php\/wp-json\/wp\/v2\/pages"}],"about":[{"href":"https:\/\/www.tiszaparti.hu\/index.php\/wp-json\/wp\/v2\/types\/page"}],"author":[{"embeddable":true,"href":"https:\/\/www.tiszaparti.hu\/index.php\/wp-json\/wp\/v2\/users\/2"}],"replies":[{"embeddable":true,"href":"https:\/\/www.tiszaparti.hu\/index.php\/wp-json\/wp\/v2\/comments?post=6478"}],"version-history":[{"count":0,"href":"https:\/\/www.tiszaparti.hu\/index.php\/wp-json\/wp\/v2\/pages\/6478\/revisions"}],"up":[{"embeddable":true,"href":"https:\/\/www.tiszaparti.hu\/index.php\/wp-json\/wp\/v2\/pages\/1910"}],"wp:attachment":[{"href":"https:\/\/www.tiszaparti.hu\/index.php\/wp-json\/wp\/v2\/media?parent=6478"}],"curies":[{"name":"wp","href":"https:\/\/api.w.org\/{rel}","templated":true}]}}

2016-2017 sporteredmények

<p>[vc_row][vc_column width=&#8221;2/3&#8243; css=&#8221;.vc_custom_1494335045686{background-color: #f4ecde !important;}&#8221;][vc_separator style=&#8221;shadow&#8221;][vc_column_text]</p>
<h2 style="text-align: left;">Tisza-parti iskola tanulói a Kosárpalánta Programban</h2>
<p>&nbsp;</p>
<p style="text-align: justify;">MIÉRT IS VAGYUNK BÁZISISKOLA?<br />
Mert a KOSÁRPALÁNTA PROGRAM célja, hogy átfogó, egységes sportszakmai koncepciót kínáljon a 6-9 éves korosztály számára. A program alapja a széleskörű képességfejlesztés, mellyel megalapozhatjuk akár a későbbi versenyszerű sportolást, de hasznos hátteret adhat a mindennapi élethez is. Célunk, hogy megteremtsük a lehetőséget arra, hogy a későbbiekben a programban résztvevő gyerekek képesek legyenek a fizikai képességeik maximális kiaknázására, és ezt ne korlátozza semmilyen, a múltból eredő hiányosság. Ennek érdekében a program ötvözi az atlétika, a gimnasztika és a küzdősportok hasznos alap mozgásanyagát a kosárlabda megalapozó gyakorlatanyagával.</p>
<p style="text-align: center;">Az Országos Jamboree megmérettetésre május 19-én kerül sor Kiskunfélegyházán.<br />
A programban iskolánk 3. a osztályos tanulói vesznek részt.<br />
<strong>Versenyre fel! Hajrá Tisza-parti!</strong></p>
<p style="text-align: center;"><img loading="lazy" decoding="async" class="aligncenter wp-image-6465 size-full" src="https://www.tiszaparti.hu/wp-content/uploads/2017/05/kosarpalanta.jpg" alt="" width="960" height="576" srcset="https://www.tiszaparti.hu/wp-content/uploads/2017/05/kosarpalanta.jpg 960w, https://www.tiszaparti.hu/wp-content/uploads/2017/05/kosarpalanta-300x180.jpg 300w, https://www.tiszaparti.hu/wp-content/uploads/2017/05/kosarpalanta-768x461.jpg 768w" sizes="auto, (max-width: 960px) 100vw, 960px" /></p>
<p>[/vc_column_text][vc_separator style=&#8221;shadow&#8221;][vc_column_text]</p>
<h2>ATLÉTIKA TÖBBPRÓBA DIÁKOLIMPIA</h2>
<p>&nbsp;</p>
<p style="text-align: justify;">2017. április 24-én rendezték meg az atlétika többpróba városi diákolimpiát a IV. korcsoportosok számára, ahol lányaink a III. helyet szerezték meg.</p>
<p style="text-align: justify;">Gratulálunk a bronzéremhez!</p>
<p style="text-align: justify;">A csapat tagjai:</p>
<p style="text-align: justify;"><em>Árgyelán Dóra</em><br />
<em>Győri Borbála</em><br />
<em>Kertai Júlia</em><br />
<em>Kis Kincső</em><br />
<em>Rácz Tamara</em></p>
<p style="text-align: center;"><img loading="lazy" decoding="async" class="aligncenter wp-image-6469 size-full" src="https://www.tiszaparti.hu/wp-content/uploads/2017/05/atletika-tobbproba.jpg" alt="" width="576" height="960" srcset="https://www.tiszaparti.hu/wp-content/uploads/2017/05/atletika-tobbproba.jpg 576w, https://www.tiszaparti.hu/wp-content/uploads/2017/05/atletika-tobbproba-180x300.jpg 180w" sizes="auto, (max-width: 576px) 100vw, 576px" /></p>
<p>[/vc_column_text][vc_separator style=&#8221;shadow&#8221;][vc_column_text]</p>
<h2>TISZA-PARTIS KOSARAS FIÚK A MEGYEI VÁLOGATOTTBAN!</h2>
<p>&nbsp;</p>
<p style="text-align: justify;">Az MKOSZ ebben az évben is megrendezte az U11 –es korosztály megyei válogatottjának tornáját. A Tisza-parti Általános Iskolából három kosárlabdázónk került be a megyék legjobbjai közé!</p>
<p style="text-align: justify;"><strong>Bartos Bence</strong> (5.a), <strong>Dragon Botond</strong> (4.b) és <strong>Mészáros Tamás</strong> (4.a), mindhárman a SZEDEÁK Aranysakálok U11-es csapatának meghatározó játékosai. Hatalmas gratuláció illeti a gyerekeket a kitartó, egész éves munkájukért és a kimagasló teljesítményükért. Edzőjük, Szilágyi Nóra tanárnő méltán büszke fiaira.</p>
<p style="text-align: justify;"><strong>További sok sikert és eredményes versenyzést kívánunk!</strong></p>
<p style="text-align: center;"><strong>BARTOS BENCE</strong></p>
<p style="text-align: center;"><img loading="lazy" decoding="async" class="aligncenter wp-image-6468 size-full" src="https://www.tiszaparti.hu/wp-content/uploads/2017/05/u11-valogatott-BB.jpg" alt="" width="576" height="960" srcset="https://www.tiszaparti.hu/wp-content/uploads/2017/05/u11-valogatott-BB.jpg 576w, https://www.tiszaparti.hu/wp-content/uploads/2017/05/u11-valogatott-BB-180x300.jpg 180w" sizes="auto, (max-width: 576px) 100vw, 576px" /></p>
<p style="text-align: center;"><strong>DRAGON BOTOND</strong></p>
<p style="text-align: center;"><img loading="lazy" decoding="async" class="aligncenter wp-image-6467 size-full" src="https://www.tiszaparti.hu/wp-content/uploads/2017/05/u11-valogatott-DB.jpg" alt="" width="576" height="960" srcset="https://www.tiszaparti.hu/wp-content/uploads/2017/05/u11-valogatott-DB.jpg 576w, https://www.tiszaparti.hu/wp-content/uploads/2017/05/u11-valogatott-DB-180x300.jpg 180w" sizes="auto, (max-width: 576px) 100vw, 576px" /></p>
<p style="text-align: center;"><strong>MÉSZÁROS TAMÁS</strong></p>
<p style="text-align: center;"><img loading="lazy" decoding="async" class="aligncenter wp-image-6466 size-full" src="https://www.tiszaparti.hu/wp-content/uploads/2017/05/u11-valogatott-MT.jpg" alt="" width="576" height="960" srcset="https://www.tiszaparti.hu/wp-content/uploads/2017/05/u11-valogatott-MT.jpg 576w, https://www.tiszaparti.hu/wp-content/uploads/2017/05/u11-valogatott-MT-180x300.jpg 180w" sizes="auto, (max-width: 576px) 100vw, 576px" /></p>
<p>[/vc_column_text][vc_separator style=&#8221;shadow&#8221;][vc_column_text]</p>
<h2>KÜLFÖLDI SPORTSIKEREINK</h2>
<p>&nbsp;</p>
<p style="text-align: justify;">Szeptember eleje óta külföldön tartózkodó végzős diákunk, <strong>Maronka Zsombor</strong> a nagy múltú Kosárlabda Klubhoz, a Joventut Badalonához szerződött. Kimagasló kosárlabda tudása tette lehetővé, hogy sportkarrierjét Spanyolországban folytassa, tanulmányait viszont még a Tisza-parti Általános Iskolában fejezi be magántanulóként.</p>
<p><strong>Nagyon büszkék vagyunk rá, és további sportsikereket kívánunk neki!</strong></p>
<p>&nbsp;</p>
<p style="text-align: center;"><img loading="lazy" decoding="async" class="aligncenter wp-image-6464 size-full" src="https://www.tiszaparti.hu/wp-content/uploads/2017/05/maronkazsombor.jpg" alt="" width="536" height="747" srcset="https://www.tiszaparti.hu/wp-content/uploads/2017/05/maronkazsombor.jpg 536w, https://www.tiszaparti.hu/wp-content/uploads/2017/05/maronkazsombor-215x300.jpg 215w" sizes="auto, (max-width: 536px) 100vw, 536px" /></p>
<p>[/vc_column_text][vc_separator style=&#8221;shadow&#8221;][/vc_column][vc_column width=&#8221;1/3&#8243; css=&#8221;.vc_custom_1494335032175{background-color: #f4f4f4 !important;}&#8221;][vc_widget_sidebar sidebar_id=&#8221;default&#8221;][/vc_column][/vc_row]</p>

<p>[vc_row][vc_column width=&#8221;2/3&#8243; css=&#8221;.vc_custom_1494335045686{background-color: #f4ecde !important;}&#8221;][vc_separator style=&#8221;shadow&#8221;][vc_column_text] Tisza-parti iskola tanulói a Kosárpalánta Programban &nbsp; MIÉRT IS VAGYUNK BÁZISISKOLA? Mert a KOSÁRPALÁNTA PROGRAM célja, hogy átfogó, egységes sportszakmai koncepciót kínáljon a 6-9 éves korosztály számára. A program alapja a széleskörű képességfejlesztés, mellyel megalapozhatjuk akár a későbbi versenyszerű sportolást, de hasznos hátteret adhat a mindennapi élethez is. Célunk, [&hellip;]</p>
